 + -16 - -7)?
5
Evaluate 1 + (0 - (-3 - -1)) + -7.
-4
Calculate 7 + -3 - (-10 + 17).
-3
What is -5 - (-6 + -1 + -4)?
6
What is the value of -16 + 5 + -4 + (9 - -1)?
-5
What is (-4 - 5) + 7 - 1?
-3
Calculate 9 + 2 + -11 + -7 + 2.
-5
What is the value of -1 + (-7 + 2 + -3 - -3)?
-6
What is 7 + -14 + 16 - 7?
2
What is (-10 - (-4 - -1 - 3)) + 3?
-1
0 + 0 - -4 - (-1 + 2)
3
Calculate 1 + (0 - (-2 + 2)) + 4.
5
What is 92 + -88 + (0 - 8)?
-4
(-3 - (-4 - -3)) + 0 + -1
-3
3 - ((0 - 3) + 9 + 0)
-3
What is (-1 - (-2 - -2)) + 0 - -3?
2
Evaluate 16 + -11 - (1 - (4 - 7)).
1
Evaluate -5 - (2 - 0) - -6.
-1
What is 5 + (6 - 7) + -9?
-5
(9 - (7 + -3)) + -1 + -4
0
6 + (-3 - (-7 + 11)) - -11
10
What is the value of (16 - 11) + (-5 - 0 - -1)?
1
What is -3 - (-5 + 8 - -1)?
-7
What is the value of -2 + -4 + (-5 - -2) + 11?
2
4 - (-11 - 2) - 11
6
Evaluate 11 - ((79 - 66) + -8 + 0).
6
What is the value of 7 - 4 - (3 + 2)?
-2
What is 1 + -4 + 3 + (2 - 5)?
-3
What is -9 - (-2 - (16 + -4))?
5
Evaluate -1 + (4 - 6) - (-6 + 0).
3
What is the value of 2 + 2 + (-3 - (-2 + 4))?
-1
What is (-4 - (-2 + -2)) + 8 - 4?
4
What is -16 + (13 - 12) - -12?
-3
Calculate (7 - (5 + 2 - 4)) + -3.
1
Calculate -6 + (-4 - -2 - -6).
-2
Evaluate -34 - -28 - (-2 + 0).
-4
Calculate -6 + (8 - 10 - -9).
1
What is the value of (-2 - (3 + -3)) + 0 + 0?
-2
What is (50 - 61) + (11 - 0)?
0
Evaluate -3 + -3 + 0 + 10.
4
-5 - (-2 + -2 + 0)
-1
What is -6 + (6 - -9 - 8)?
1
-1 - (-1 + 0 + 0) - -1
1
-2 + -1 + (26 - 17)
6
What is -5 + (-10 - -17 - 8)?
-6
What is the value of -3 - (-9 + 3) - 1?
2
Evaluate 8 - (16 + -1 + -7).
0
What is 9 + -8 + 2 + -2?
1
What is the value of -14 + (-1 - -7) + -1 + 4?
-5
What is the value of 9 + -3 - (0 + 2)?
4
What is (2 - -5 - 5) + 1?
3
What is 2 + (-1 - -2) + (-3 - -2)?
2
Calculate 2 - (4 - (3 + 3)).
4
Calculate (7 - 0) + -76 + 75.
6
3 + 2 + 1 - 10
-4
0 - ((-4 - (-8 + -1)) + -10)
5
Calculate 10 + (-6 + 4 - 4).
4
(-10 - (-8 + -2)) + 4
4
What is the value of -9 + (-6 - (3 - 15)) + -4?
-7
10 - (1 + (-2 - -7))
4
15 - (2 + -6) - 10
9
Calculate (9 - 8) + 4 + 0 + -1.
4
What is the value of -8 + 4 + 6 - 6?
-4
1 + 0 + -2 - (-8 - -4)
3
What is 2 + -2 + 3 + -2 + 4?
5
Calculate -84 + 82 + 8 + 0.
6
0 - (-1 - (-7 + -1)) - -15
8
Evaluate (-21 - (-10 + -2)) + 11.
2
Evaluate 5 - (-4 + (12 - 3)).
0
What is the value of 1 + -4 + (1 + 4 - 2)?
0
Evaluate (4 - 2) + -6 - -3 - -4.
3
-4 + -5 + -6 + 16
1
Evaluate 3 - 0 - 2 - (0 + -2).
3
What is the value of -6 - 0 - (-6 + 3 + 0)?
-3
(10 - 4) + (-3 - -2 - 0)
5
What is 0 + (6 - 7 - -1) - 5?
-5
What is the value of (0 - -6) + 110 + -121?
-5
What is the value of (11 - 7) + 4 + -3?
5
-6 + (3 - (-1 - -2 - -1))
-5
What is -2 - ((11 - 11) + (2 - -1))?
-5
Evaluate 2 + 2 + (-5 - -3).
2
(-1 - -6) + (7 - 5) + -9
-2
-1 + -3 + -26 + 31
1
Evaluate 8 + 11 + -22 - (-1 - -6).
-8
Evaluate (10 + 8 - 12) + -7.
-1
18 + -1 - 7 - 18
-8
Evaluate (13 - 8) + -6 + 1.
0
What is (-2 - 0) + (134 - 141)?
-9
What is -1 - ((0 - 1) + 2)?
-2
Evaluate -1 + -4 + 0 + 5.
0
What is the value of -9 + 0 + 7 + 5?
3
Calculate (5 - (13 - 12)) + (-1 - -5).
8
What is 1 + -18 + 6 + 6?
-5
(0 - (3 + -1 + 2)) + 2
-2
Evaluate (9 - 3) + (10 - 16).
0
Calculate -8 + -7 + 2 + 5.
-8
2 + (-1 - ((4 - 8) + 2))
3
What is the value of -4 + (6 - (-3 + 7))?
-2
What is (-3 - (-13 - (-3 + -2))) + -2?
3
What is the value of (-3 - (-21 - -3)) + -7?
8
5 + (0 - 8) - 2
-5
What is 0 - 0 - (-5 - (-7 - -3))?
1
What is 22 + -13 + 9 + (-2 - 6)?
10
Calculate (-4 - -3) + -7 + 3.
-5
What is the value of 0 + -5 + 23 + -26?
-8
-1 + -2 + 1 + -2 + 7
3
What is the value of -2 + -1 - (5 - (-2 + 9))?
-1
Evaluate -7 - (-8 + (8 - 8) - -3).
-2
-4 + (-27 + 20 - (1 + -8))
-4
What is 3 + -7 + 2 + 3?
1
What is -5 + -2 - (0 + -6)?
-1
Evaluate -27 - -23 - (1 - 6).
1
21 + -15 - (0 - (-10 + 1))
-3
What is 5 + -4 + (4 - 1)?
4
11 + -8 + (-2 + 3 - -3)
7
What is -4 + 1 + 0 + -2 + 4?
-1
Calculate -1 + -2 - (-6 - (0 - 1)).
2
What is the value of 5 + 8 + -3 + -6?
4
4 - (-4 + -3 - -11)
0
Evaluate 2 + -2 + 1 + -2 + -1.
-2
What is the value of -3 - (1 - (0 + 0))?
-4
Evaluate 4 + (-2 + 5 - 7).
0
2 + 1 + -1 + 1
3
What is -1 - (0 + -2) - (-15 - -15)?
1
-112 + 127 - (2 + 14)
-1
(11 - (-3 + 8)) + -9 + 2
-1
-2 - (6 - 2) - -7
1
Evaluate -1 + -2 + 16 + (12 - 26).
-1
What is the value of 10 + -3 + -5 - (-8 + 1)?
9
What is -2 - ((-10 - 2) + (9 - 4))?
5
What is -3 + (-4 - -11) + -5?
-1
Calculate -1 + 6 + 0 - 0.
5
What is 10 - (7 - 6 - -10)?
-1
Evaluate 2 - -1 - (-12 + 11).
4
What is -4 - (8 - 1 - (45 - 28))?
6
Calculate (7 - 10) + 0 + -2 - -8.
3
What is 2 + (0 - 9 - -12)?
5
What is the value of -1 + (-5 + 7 - -3)?
4
What is -9 + (-2 + (-5 - 0) - -6)?
-10
What is 3 + 0 - (22 + -24 + -3)?
8
What is the value of 1 - 2 - (5 - 4 - 5)?
3
Evaluate 10 + (-1 - 6) - 0.
3
Evaluate (0 + 4 - 1) + -7 + 7.
3
What is the value of 58 - 65 - (1 + -3)?
-5
Evaluate 1 + 8 + -3 + -2.
4
11 - (7 - (-25 + 11))
-10
Calculate (1 - 6 - 0) + (10 - 2).
3
What is (2 - 7 - -4 - -8) + -2?
5
Evaluate -4 + 15 - 0 - (19 + -12).
4
What is the value of -2 + 1 + -4 + -1?
-6
1 + (-14 - -11) + -4
-6
What is the value of 1 + (3 - 13) + (10 - 6)?
-5
What is (0 + -3 - -7) + 1?
5
Evaluate -3 + -1 + 1 + -3 + 3.
-3
What is 2 - -1 - (4 + -2 + 3)?
-2
What is the value of 1 - ((2 - (-1 - -3)) + 2)?
-1
2 + 0 - (-2 + 1 + 0)
3
8 - (-5 + 20 + -2)
-5
Calculate -6 - (4 - 5) - -2.
-3
Calculate -1 - (-10 - -2 - -3) - -4.
8
What is 3 - (-5 + -6 + 9)?
5
4 + -6 + (3 - 6)
-5
Evaluate 5 + -6 + -2 + 3.
0
0 - -4 - (-9 - (-5 - 4))
4
Calculate (-2 + 9 - 6) + (4 - 2).
3
Calculate -2 + (-2 - -1) + 8 - 1.
4
Evaluate -7 - (-4 + -4 + -2).
3
What is the value of 0 + 3 + 0 - 3?
0
What is the value of 5 - 1 - (42 + -42)?
4
Evaluate 2 + -4 - (5 + -1 + -10).
4
What is the value of -4 - (-4 + 12 + -11)?
-1
Evaluate (-1 - 1) + 0 + 6.
4
-1 - -4 - (-7 + 6 + 5)
-1
-8 + -37 + 37 + -1 + 4
-5
What is the value of (1 - 1 - (2 + -1)) + -2?
-3
What is the value of 5 - (0 - -1 - 2)?
6
2 + -1 + (5 - 3 - 0)
3
Calculate 3 - ((-3 - 5 - -7) + -4).
8
What is the value of 1 - 2 - (16 - 16)?
-1
Evaluate 8 - (-8 + 20 + 0).
-4
Calculate -2 - (-1 + -1 - (36 + -30)).
6
What is 0 + 5 + 6 + -7?
4
What is the value of -1 + 20 + -8 + -5?
6
What is the value of (36 - 29) + 0 + -8?
-1
-1 + 3 + (-13 - -15) + -13
-9
(-2 + 6 - 0) + -5
-1
What is (-7 - (-1 + 0 + -4)) + 6?
4
What is -8 + 15 - (9 + 1)?
-3
What is (9 - -3) + -5 - 2?
5
Evaluate 7 - (2 - (-11 + 7)).
1
What is the value of -1 - (0 - (3 + -7))?
-5
What is the value of 2 + 2 - (4 + 0 + 3)?
-3
What is the value of 10 + -14 + 6 - (1 - 1)?
2
-6 + 9 + (-12 - -12)
3
What is 2 + 2 + -6 + 4?
2
What is (1 - -15) + (26 - 33)?
9
-13 + (34 - -2) - 12
11
What is -37 - -36 - (1 + -1 + -3)?
2
(-3 - 3) + 1 + 1 + 1
-3
Calculate -4 + (0 - (3 + -1 + -3)).
-3
What is the value of 8 + 2 + -3 + (12 - 11)?
8
What is 4 - (22 + -8 + -12)?
2
9 - (-16 + 21) - (1 - -10)
-7
What is -5 - (-1 - (-4 - -1 - -3))?
-4
-5 + -1 - (-15 + -21 + 40)
-10
Calculate 18 + -20 - (2 - -6) - -6.
-4
What is the value of 14 - 10 - (4 - -5)?
-5
Evaluate 2 + (-3 + 0 - (-7 - -6)).
0
Evaluate (-10 - -1) + 5 + 6.
2
Calculate (3 - (12 + -3)) + 0 + 1.
-5
What is the value of 7 + (-5 - 1) - -1?
2
Calculate -3 - (-11 - (-4 - 1)).
3
Calculate -13 - -11 - (2 + -9).
5
What is the value of -30 + 23 + 1 + (0 - 1)?
-7
Evaluate 4 - (7 + -1 - (2 + 1)).
1
Calculate (-4 - 0) + (2 - 4) + 1.
-5
(2 - -2 - 8) + 12 + 0
8
What is the value of 5 - (-5 + -2 + 13)?
-1
Calculate 7 + -5 + (3 - 2) - 8.
-5
Evaluate -10 - (0 - (4 + 7 + -9)).
-8
Calculate -6 + 6 + 7 - 6.
1
Evaluate (1 - (-3 - -3)) + 0 + -3.
-2
What is 4 - (0 + 0 - 3) - 2?
5
What is -101 - -100 - (-2 - 0)?
1
What is the value of -6 - (-3 + -13 - (1 - 4))?
7
Evaluate 1 + -7 + 7 + -2.
-1
What is 10 + -13 - (-1 + 4 + -5)?
-1
Evaluate 5 + 3 + -16 + 3 + 3.
-2
What is 2 + 14 + -18 - (-1 + 0)?
-1
(4 - 5) + 5 - 4
0
What is the value of (3 + 6 - 3) + -12?
-6
What is (-4 - 1) + 5 + -3 + -1?
-4
What is -4 + (3 - 8 - -7)?
-2
Calculate 11 + -19 + 5 + 11.
8
What is the value of -15 - -4 - (-1 + -1)?
-9
Calculate 5 + -1 + -3 + 11 + -3.
9
Evaluate -12 + (3 + 1 - (-30 - -28)).
-6
Evaluate (-10 - 0) + 137 + -124.
3
Evaluate -2 - ((5 - (4 - 0)) + -2).
-1
2 + (3 - 5) + -5
-5
Calculate 3 + -10 + -5 + 5 + 3.
-4
Evaluate 1 + (16 - 16 - (-1 - -2)).
0
10 